 + i = 3*m. Suppose -4*d + 2*d = -m. What is the tens digit of d?
1
Let q(m) = m**3 - 2*m**2 - 4*m + 6. Let i be q(3). Let t(a) = 87*a - 20. What is the units digit of t(i)?
1
What is the hundreds digit of ((-860)/(-15))/((-14)/(-252))?
0
Suppose 6*p = 5*p. Let m(w) = -4*w + p - 2 + 3 + 2*w**2. What is the tens digit of m(4)?
1
Suppose -3*p - 3*p + 120 = 0. Let h be 12/(-15)*p/(-8). Suppose -h*u + 164 = 2*u. What is the units digit of u?
1
Let v(w) = -w**3 - 5*w**2 - w. Let s be v(-5). Suppose -s*y - 276 = -3*g - 0*y, 5*g + 2*y = 460. What is the units digit of g?
2
Let v be ((-2)/(-4))/((-1)/6). Let j(q) be the third derivative of q**5/20 + q**4/8 + 5*q**3/6 + 7*q**2. What is the units digit of j(v)?
3
Suppose -2*a + 2*b - 284 = 0, b + 716 = -a - 4*a. Let j = -64 - a. What is the tens digit of j?
7
Let g(u) = 327*u**2 - 5*u + 8. What is the units digit of g(2)?
6
Let g be (-10)/18*-3 - (-2)/6. Let x = -9 - -13. Suppose -x*o + o = -15, 0 = -g*m - o + 43. What is the units digit of m?
9
What is the units digit of (-2 + -738)/(117/18 + -7)?
0
Suppose 21 = 2*x - 11. Suppose -x = -j - 44. Let l = 41 + j. What is the tens digit of l?
1
Let f(s) = 21*s - 39. What is the tens digit of f(15)?
7
Suppose 5*n = -2*n + 2*n. Suppose 0 = -p - 3, 2*b + n*p = -4*p + 22. What is the tens digit of b?
1
Suppose 19*d + 1517 - 7331 = 0. What is the units digit of d?
6
Let h(t) = t**2 + 2*t. Let x(c) = -3*c + 9. Let m be x(4). Let a be h(m). Suppose 7 - 28 = -a*o. What is the units digit of o?
7
Let t(w) be the first derivative of 23*w**2 - 4*w + 20. What is the units digit of t(2)?
8
Let p = 63 - 56. Let r = 23 + -7. Let n = p + r. What is the units digit of n?
3
Suppose -a - m + 376 = -234, -3032 = -5*a + 4*m. What is the units digit of a?
8
Suppose -4506 = -s - 2*n, -2*s + 8977 = -10*n + 7*n. What is the tens digit of s?
9
Suppose -66 = -7*a + 4*a. Let n = a - 15. Let o(t) = 3*t - 5. What is the tens digit of o(n)?
1
Suppose 3*g - 1636 = -5*i, 2*g = 3*g - 2*i - 538. What is the units digit of g?
2
Let l = 227 - -242. What is the tens digit of l?
6
Let a(n) = n**3 + 4*n**2 + 4*n - 1. Let k be a(-3). Suppose 0*h + 4*v = 4*h - 16, -6 = -2*h + v. What is the tens digit of ((-75)/10)/(h/k)?
1
Suppose 0 = -3*n + 6*n - z - 12722, 2*z = 4*n - 16966. What is the thousands digit of n?
4
Suppose -3*x - 10 = 4*k + 2*x, k + 5*x = 5. Let t be ((-4)/k)/((-2)/(-50)). Suppose l = -3*m + 14, -5*m - t = -l + 2. What is the units digit of l?
7
Suppose -5*w + 5*z + 8556 = 9*z, 4*z + 1692 = w. What is the tens digit of w?
0
Suppose -20 = -y - 17. Suppose -y*a - a + 208 = -4*u, 2*a + u = 116. What is the units digit of a?
6
Let d be -3*((-4)/4 + 0/3). What is the tens digit of 37*d*(-14)/(-21)?
7
Suppose 25 = i + 4*i. Suppose -8*r + i*r = 0. Suppose 7*m - 2*m - 100 = r. What is the tens digit of m?
2
Suppose -3 = -4*a + u, -4*a + 2*u + u + 9 = 0. Suppose -2*r = d - 309, a*d = 4*d + 20. What is the hundreds digit of r?
1
Let z(k) be the second derivative of 7*k**5/40 - k**4/12 + k**3/3 + 7*k. Let y(d) be the second derivative of z(d). What is the units digit of y(1)?
9
Let i = -1841 + 2713. What is the hundreds digit of i?
8
Let i = -662 - -935. What is the tens digit of i?
7
Let i = -16 + 20. Suppose -4*z + 0*z = i*w - 156, -5*w + 4*z + 231 = 0. Suppose 3*p - w = 2*p. What is the tens digit of p?
4
Let l(p) = -5*p + 75. Let x be l(14). Suppose 3*d - 2*y - 425 = 3*y, x*d - 5*y - 725 = 0. What is the units digit of d?
0
Suppose 13*y - 2044 = 6*y. What is the hundreds digit of y?
2
Let z(b) = b**3 + 8*b**2 - 24*b - 3. What is the units digit of z(-10)?
7
What is the tens digit of (-42)/441 + 3866/21?
8
Let y = 845 - 724. What is the units digit of y?
1
Suppose 5*w + 0*h - 3*h + 45 = 0, 0 = w - 4*h + 9. Let y be (-75)/w - 8/(-12). Suppose y*b - 10*b = -10. What is the units digit of b?
0
What is the tens digit of 1/(((-3)/(-12))/(14 - -873))?
4
Let l be (-4)/(-3)*18/4. Suppose -2*u - u + l = 0. Suppose 3*f + u = 14. What is the units digit of f?
4
What is the hundreds digit of 68176/14 - 316/(-1106)?
8
Suppose -2*c + 3961 = 158*b - 157*b, 2*b - 2*c - 7928 = 0. What is the hundreds digit of b?
9
Suppose y + 1 = -4*c - 1, -5*y - 2*c + 8 = 0. Suppose 0 = -y*u - 3*u + 90. Suppose -t + 66 = u. What is the tens digit of t?
4
Suppose 2148 = z + 3*z. What is the tens digit of z*(-4 - (-52)/12)?
7
Let c(a) = -a - 4. Let h be c(-5). Suppose 0 = -5*l - h + 11. Suppose -l*n - 50 + 138 = 0. What is the tens digit of n?
4
Suppose 0 = 25*c - 12110 - 5415. What is the tens digit of c?
0
Let m(s) = s**2 - 4*s + 58. What is the hundreds digit of m(-18)?
4
Suppose -5*q = -3*j - 8937, 2*q - 4*j + 1769 = 3*q. Suppose -12*x - 693 + q = 0. What is the tens digit of x?
9
Suppose 4*i - 9152 = 6*m, -5*i + 9*m + 11440 = 12*m. What is the tens digit of i?
8
Let q(k) = -k**3 - 7*k**2 - 43*k + 7. What is the units digit of q(-8)?
5
Suppose 17 = 5*f + 2*r, 0 = -7*f + 3*f - 4*r + 16. Suppose 2*c + 8 = -0*c, 5*c - 352 = -f*i. What is the hundreds digit of i?
1
Suppose -n - 5*o + 55 = 0, -2*o = -2*n - 8 + 94. Suppose -9*i + 10*i - n = 0. What is the units digit of i?
5
Let z(j) be the second derivative of -j**5/20 - j**4/6 + j**3/6 - 3*j**2/2 + 4*j. Let r be z(3). Let n = r + 63. What is the units digit of n?
8
Suppose 5*l - 30 = -3*w + 2*l, 0 = -3*w - 5*l + 40. Suppose w*d - j - 684 = 392, d - 218 = 3*j. What is the hundreds digit of d?
2
Let p = -2450 + 4718. What is the thousands digit of p?
2
Let j = 36 - 21. Let x(s) be the first derivative of -s**3/3 + 17*s**2/2 - 21*s - 62. What is the units digit of x(j)?
9
What is the tens digit of (422 - -15) + (-4)/(16/(-20))?
4
Let i(u) be the second derivative of -u**3/3 + 8*u**2 - 4*u + 4. Let t(a) = a**2 + 6*a - 7. Let l be t(-6). What is the units digit of i(l)?
0
Suppose 0 = -42*f + 2474 + 35662. What is the hundreds digit of f?
9
Let w(s) = -12*s - 1. Let x be w(-2). Suppose 69 - 8 = -5*a + 3*p, 3*a + p + 45 = 0. Let i = x + a. What is the units digit of i?
9
What is the hundreds digit of ((-21)/(-6))/(-4*1/(-280))?
2
Suppose 0 = 7*h - 1453 + 529. What is the units digit of h?
2
Let y(m) = -42*m**3 - m + 2 + 45*m**3 - 2. Let f be y(-1). What is the units digit of (f + 14)/((-6)/(-4))?
8
Suppose c - 2*g + 3*g - 1 = 0, 0 = -5*c + 4*g - 22. Let m(r) = -22 + 7 - 8*r + 11. What is the tens digit of m(c)?
1
Suppose 0 = 2*w - 5*g + 6*g - 8364, 0 = 3*w + 4*g - 12541. What is the hundreds digit of w?
1
Let z(y) = 6*y**2 + y. Let d be z(-1). Let f(a) = 2*a**2 - 6*a + 13. What is the units digit of f(d)?
3
Let t = -49 + 286. What is the units digit of t?
7
Let x(n) = 14*n + 44. Suppose b - 4 = 10. What is the units digit of x(b)?
0
Suppose 8 = 4*r, 3*d - 7 = -4*r + 25. Suppose 0*a - 4*a = y, -4*a = 3*y + d. Let v = 9 + y. What is the units digit of v?
5
Let b(f) be the third derivative of 17*f**6/24 - f**5/60 - 8*f**2. What is the units digit of b(1)?
4
Let f = 413 - 103. Suppose 2*t + 3*t + v - f = 0, t = v + 56. What is the tens digit of t?
6
Let n = 1071 + -634. Let j = n - 301. What is the tens digit of j?
3
Suppose 1082 = 3*d - d. What is the hundreds digit of d?
5
Suppose -2*c + 99 = -3*q, -c - 2*c = -3*q - 99. Let k = -23 - q. What is the units digit of ((-52)/(-10))/(2/k)?
6
Suppose 20 = 5*f - 4*f. Let z = f + -18. What is the tens digit of -155*((-16)/(-10) - z)?
6
Let m = -4 + 6. Let a = 28 - 22. Let v = a - m. What is the units digit of v?
4
Let m(q) be the second derivative of 7*q**3/6 - 2*q. Let w be m(1). Suppose 0 = 4*h - 2*k - 123 + w, 4*k + 46 = 2*h. What is the units digit of h?
1
Let h(v) = 6*v**2 - 8*v + 3. Suppose 0 = -0*d + d - 27. Let b = d + -24. What is the tens digit of h(b)?
3
Suppose -3348 = -8*t + 580. What is the tens digit of t?
9
Let q be 1/3*0 - (-3 + -8). Let d(u) = -8*u + 25. Let l(g) = -17*g + 51. Let i(j) = -7*d(j) + 3*l(j). What is the units digit of i(q)?
3
Let r(n) = 1400*n + 30. Let m be r(4). Suppose 0 = -13*v + m - 2159. What is the units digit of v?
7
Suppose 12085 = 8*d - 7515. What is the tens digit of d?
5
Suppose 0*h + 3*h - 1 = 5*x, x + 3 = 2*h. Suppose -4*o + 112 = t, 68 = -t - h*o + 176. What is the units digit of t?
4
Let g = 45 - 53. Let q = 14 + g. What is the units digit of q?
6
Let p(m) = 155*m - 43. What is the hundreds 